{"id":1331,"date":"2023-10-27T21:00:20","date_gmt":"2023-10-27T21:00:20","guid":{"rendered":"https:\/\/persopet.lt\/?page_id=1331"},"modified":"2023-10-27T21:18:45","modified_gmt":"2023-10-27T21:18:45","slug":"refund_returns","status":"publish","type":"page","link":"https:\/\/persopet.lt\/?page_id=1331","title":{"rendered":"Gr\u0105\u017einimo Taisykl\u0117s"},"content":{"rendered":"\n<ol>\n<li class=\"has-medium-font-size\"><strong>Bendros Nuostatos<\/strong><\/li>\n<\/ol>\n\n\n\n<p>Kiekvienas u\u017esakymas PersoPet.lt yra atliekamas pagal individualius reikalavimus, tod\u0117l standartinio geros kokyb\u0117s prek\u0117s gr\u0105\u017einimo n\u0117ra. Ta\u010diau, jeigu gauta prek\u0117 yra pa\u017eeista arba turi gamybos defekt\u0105, prek\u0119 galima gr\u0105\u017einti.<\/p>\n\n\n\n<p><\/p>\n\n\n\n<ol start=\"2\">\n<li><strong>Kaip Gr\u0105\u017einti Defektuot\u0105 Prek\u0119<\/strong>\n<ul>\n<li>2.1.  Kreipkit\u0117s el. pa\u0161tu, nurodytu m\u016bs\u0173 svetain\u0117je;<\/li>\n\n\n\n<li>2.2. Nurodykite prek\u0117s gr\u0105\u017einimo prie\u017east\u012f ir \u012fkelkite nuotrauk\u0105, kurioje matosi prek\u0117s defektas;<\/li>\n\n\n\n<li>2.3. Prek\u0117 turi b\u016bti nenaudota ir originalioje pakuot\u0117je.<\/li>\n<\/ul>\n<\/li>\n<\/ol>\n\n\n\n<p><\/p>\n\n\n\n<ol start=\"2\">\n<li><strong>M\u016bs\u0173 Atsakymas ir Tolimesni Veiksmai<\/strong><\/li>\n<\/ol>\n\n\n\n<p>Mes \u012fsipareigojame per 14 dien\u0173 nuo J\u016bs\u0173 kreipimosi pateikti motyvuot\u0105 ra\u0161ytin\u012f atsakym\u0105 su tolesn\u0117mis instrukcijomis d\u0117l prek\u0117s gr\u0105\u017einimo ar pakeitimo. Jei pageidaujate, defektuota prek\u0117 gali b\u016bti pakeista nauja.<\/p>\n","protected":false},"excerpt":{"rendered":"<p>Kiekvienas u\u017esakymas PersoPet.lt yra atliekamas pagal individualius reikalavimus, tod\u0117l standartinio geros kokyb\u0117s prek\u0117s gr\u0105\u017einimo n\u0117ra. Ta\u010diau, jeigu gauta prek\u0117 yra pa\u017eeista arba turi gamybos defekt\u0105, prek\u0119 galima gr\u0105\u017einti. Mes \u012fsipareigojame per 14 dien\u0173 nuo J\u016bs\u0173 kreipimosi pateikti motyvuot\u0105 ra\u0161ytin\u012f atsakym\u0105 su tolesn\u0117mis instrukcijomis d\u0117l prek\u0117s gr\u0105\u017einimo ar pakeitimo. Jei pageidaujate, defektuota prek\u0117 gali b\u016bti pakeista&#8230;<\/p>\n","protected":false},"author":1,"featured_media":0,"parent":0,"menu_order":0,"comment_status":"closed","ping_status":"closed","template":"","meta":{"om_disable_all_campaigns":false,"_monsterinsights_skip_tracking":false,"_monsterinsights_sitenote_active":false,"_monsterinsights_sitenote_note":"","_monsterinsights_sitenote_category":0,"_kad_post_transparent":"","_kad_post_title":"","_kad_post_layout":"","_kad_post_sidebar_id":"","_kad_post_content_style":"","_kad_post_vertical_padding":"","_kad_post_feature":"","_kad_post_feature_position":"","_kad_post_header":false,"_kad_post_footer":false,"footnotes":""},"jetpack_sharing_enabled":true,"_links":{"self":[{"href":"https:\/\/persopet.lt\/index.php?rest_route=\/wp\/v2\/pages\/1331"}],"collection":[{"href":"https:\/\/persopet.lt\/index.php?rest_route=\/wp\/v2\/pages"}],"about":[{"href":"https:\/\/persopet.lt\/index.php?rest_route=\/wp\/v2\/types\/page"}],"author":[{"embeddable":true,"href":"https:\/\/persopet.lt\/index.php?rest_route=\/wp\/v2\/users\/1"}],"replies":[{"embeddable":true,"href":"https:\/\/persopet.lt\/index.php?rest_route=%2Fwp%2Fv2%2Fcomments&post=1331"}],"version-history":[{"count":1,"href":"https:\/\/persopet.lt\/index.php?rest_route=\/wp\/v2\/pages\/1331\/revisions"}],"predecessor-version":[{"id":1540,"href":"https:\/\/persopet.lt\/index.php?rest_route=\/wp\/v2\/pages\/1331\/revisions\/1540"}],"wp:attachment":[{"href":"https:\/\/persopet.lt\/index.php?rest_route=%2Fwp%2Fv2%2Fmedia&parent=1331"}],"curies":[{"name":"wp","href":"https:\/\/api.w.org\/{rel}","templated":true}]}}