{"id":1347,"date":"2023-10-18T20:20:22","date_gmt":"2023-10-18T20:20:22","guid":{"rendered":"https:\/\/persopet.lt\/?post_type=product&#038;p=1347"},"modified":"2023-10-28T12:06:18","modified_gmt":"2023-10-28T12:06:18","slug":"augintinio-portretas","status":"publish","type":"product","link":"https:\/\/persopet.lt\/?product=augintinio-portretas","title":{"rendered":"Personalizuotas augintinio portretas"},"content":{"rendered":"<p><strong>Persopet<\/strong> augintinio portretas &#8211; unikali galimyb\u0117 \u012fam\u017einti J\u016bs\u0173 augintin\u012f<\/p>\n<ul>\n<li>Ar mylite savo p\u016bkuot\u0105 draug\u0105 labiau nei bet k\u0105 kit\u0105 \u0161iame pasaulyje? Ar norite \u012fam\u017einti savo ry\u0161\u012f su juo unikaliu ir originaliu b\u016bdu?<\/li>\n<li>Susipa\u017einkite su m\u016bs\u0173 spalvingais augintini\u0173 portretais ant drob\u0117s! Kiekvien\u0105 drob\u0119 kruop\u0161\u010diai kuria m\u016bs\u0173 talentingi dailininkai, kurie naudodami ry\u0161ki\u0105 spalv\u0173 ir sud\u0117ting\u0173 linij\u0173 derin\u012f, sukuria unikal\u0173 meno k\u016brin\u012f, kuriame \u012fam\u017einamas j\u016bs\u0173 augintinis.<\/li>\n<li>Tai priminimas apie vis\u0105 d\u017eiaugsm\u0105, meil\u0119 ir juok\u0105, kuriuos jie kasdien \u012fne\u0161a \u012f j\u016bs\u0173 gyvenim\u0105. Tai bes\u0105lygi\u0161kos meil\u0117s, kuri\u0105 gali suteikti tik j\u016bs\u0173 p\u016bkuotas draugas, simbolis. U\u017esisakykite unikal\u0173 spalvot\u0105 augintinio portret\u0105 \u0161iandien ir leiskite mums pad\u0117ti i\u0161saugoti svarbiausius j\u016bs\u0173 prisiminimus!&#8221;<\/li>\n<\/ul>\n<p>&nbsp;<\/p>\n","protected":false},"excerpt":{"rendered":"<p><strong>Persopet<\/strong> augintinio portretas &#8211; unikali galimyb\u0117 \u012fam\u017einti J\u016bs\u0173 augintin\u012f<\/p>\n<ul>\n<li>Ar mylite savo p\u016bkuot\u0105 draug\u0105 labiau nei bet k\u0105 kit\u0105 \u0161iame pasaulyje? Ar norite \u012fam\u017einti savo ry\u0161\u012f su juo unikaliu ir originaliu b\u016bdu?<\/li>\n<\/ul>\n","protected":false},"featured_media":1393,"comment_status":"open","ping_status":"closed","template":"","meta":{"om_disable_all_campaigns":false,"_monsterinsights_skip_tracking":false,"_monsterinsights_sitenote_active":false,"_monsterinsights_sitenote_note":"","_monsterinsights_sitenote_category":0,"_kad_post_transparent":"default","_kad_post_title":"","_kad_post_layout":"default","_kad_post_sidebar_id":"","_kad_post_content_style":"default","_kad_post_vertical_padding":"default","_kad_post_feature":"","_kad_post_feature_position":"","_kad_post_header":false,"_kad_post_footer":false},"product_cat":[26],"product_tag":[25],"jetpack_sharing_enabled":true,"_links":{"self":[{"href":"https:\/\/persopet.lt\/index.php?rest_route=\/wp\/v2\/product\/1347"}],"collection":[{"href":"https:\/\/persopet.lt\/index.php?rest_route=\/wp\/v2\/product"}],"about":[{"href":"https:\/\/persopet.lt\/index.php?rest_route=\/wp\/v2\/types\/product"}],"replies":[{"embeddable":true,"href":"https:\/\/persopet.lt\/index.php?rest_route=%2Fwp%2Fv2%2Fcomments&post=1347"}],"wp:featuredmedia":[{"embeddable":true,"href":"https:\/\/persopet.lt\/index.php?rest_route=\/wp\/v2\/media\/1393"}],"wp:attachment":[{"href":"https:\/\/persopet.lt\/index.php?rest_route=%2Fwp%2Fv2%2Fmedia&parent=1347"}],"wp:term":[{"taxonomy":"product_cat","embeddable":true,"href":"https:\/\/persopet.lt\/index.php?rest_route=%2Fwp%2Fv2%2Fproduct_cat&post=1347"},{"taxonomy":"product_tag","embeddable":true,"href":"https:\/\/persopet.lt\/index.php?rest_route=%2Fwp%2Fv2%2Fproduct_tag&post=1347"}],"curies":[{"name":"wp","href":"https:\/\/api.w.org\/{rel}","templated":true}]}}